{"id":10,"date":"2019-04-03T11:09:48","date_gmt":"2019-04-03T09:09:48","guid":{"rendered":"http:\/\/www.reyheredia.es\/wordpress\/index.php\/quieres-apoyar-al-centro-social-rey-heredia\/"},"modified":"2025-09-19T13:35:53","modified_gmt":"2025-09-19T11:35:53","slug":"quieres-apoyar-al-centro-social-rey-heredia","status":"publish","type":"page","link":"https:\/\/reyheredia.es\/","title":{"rendered":"\u00bfQuieres apoyar al Centro Social Rey Heredia?"},"content":{"rendered":"<p style=\"text-align: justify;\"><span style=\"font-family: arial, helvetica, sans-serif; font-size: 14pt;\">El funcionamiento del Centro precisa de recursos personales, materiales y econ\u00f3micos para dar cobertura, con unas condiciones m\u00ednimas, a las distintas actividades que en \u00e9l se realizan y para su propio mantenimiento.<\/span><\/p>\n<p><span style=\"font-family: arial, helvetica, sans-serif; font-size: 14pt;\"><em><strong>Aportaciones de apoyo al Centro Social:<\/strong><\/em><\/span><\/p>\n<ul>\n<li style=\"text-align: justify;\"><span style=\"font-family: arial, helvetica, sans-serif; font-size: 14pt;\"><strong>Personales: <\/strong><\/span><span style=\"font-family: arial, helvetica, sans-serif; font-size: 14pt;\">Las aportaciones personales se podr\u00e1n realizar a trav\u00e9s de un ingreso en la cuenta bancaria del \u00a0Centro, para colaboraciones puntuales, o bien rellenando la Ficha de Colaboraci\u00f3n a trav\u00e9s de la \u00a0cual la donaci\u00f3n puede ser mensual o trimestral. Recomendamos esta opci\u00f3n si las aportaciones van a ser regulares, a fin de poder anticipar la situaci\u00f3n econ\u00f3mica del centro para el desarrollo de sus\u00a0actividades.<\/span><\/li>\n<li style=\"text-align: justify;\"><span style=\"font-family: arial, helvetica, sans-serif; font-size: 14pt;\"><strong>Colectivas: <\/strong><\/span><span style=\"font-family: arial, helvetica, sans-serif; font-size: 14pt;\">A los colectivos que hacen uso del Centro Social Rey Heredia o aquellos que se sientan solidarios \u00a0con su actividad, se les ofrece la posibilidad de regularizar un apoyo econ\u00f3mico al Centro Social a\u00a0trav\u00e9s de la Ficha de Colaboraci\u00f3n.<\/span><\/li>\n<\/ul>\n<div style=\"background-color: #f4bb0a;\">\n<p>&nbsp;<\/p>\n<p style=\"padding-left: 30px;\"><span style=\"color: #000000; font-size: 14pt; font-family: arial, helvetica, sans-serif;\"><strong>Tanto para las aportaciones individuales como colectivas se recuerda:<\/strong><\/span><\/p>\n<p style=\"padding-left: 60px;\"><span style=\"color: #000000; font-size: 14pt; font-family: arial, helvetica, sans-serif;\">\u2022 \u00a0Son voluntarias<\/span><\/p>\n<p style=\"padding-left: 60px;\"><span style=\"color: #000000; font-size: 14pt; font-family: arial, helvetica, sans-serif;\">\u2022 \u00a0No implican ning\u00fan poder de decisi\u00f3n sobre el Centro Social.<\/span><\/p>\n<p style=\"padding-left: 60px;\"><span style=\"color: #000000; font-size: 14pt; font-family: arial, helvetica, sans-serif;\">\u2022 \u00a0Contribuyen a que todos los gastos derivados de sus actividades y de\u00a0sostenimiento del Centro puedan cubrirse.<\/span><\/p>\n<p>&nbsp;<\/p>\n<\/div>\n<ul>\n<li><span style=\"font-family: arial, helvetica, sans-serif; font-size: 14pt;\"><strong>Aportaciones derivadas de las actividades propias del centro o de otros colectivos<\/strong> (Bote Solidario)\u00a0<\/span><\/li>\n<\/ul>\n<p style=\"text-align: justify;\"><span style=\"font-family: arial, helvetica, sans-serif; font-size: 14pt;\">Las actividades propias del Centro van a continuar siendo una v\u00eda de financiaci\u00f3n a trav\u00e9s del <strong>Bote\u00a0Solidario<\/strong>. Es necesario el reparto equitativo del trabajo de organizaci\u00f3n y desarrollo de estas\u00a0actividades, para lo cual se pedir\u00e1 colaboraci\u00f3n como forma de participaci\u00f3n en el Centro adem\u00e1s\u00a0del acuerdo previo en la reuni\u00f3n de coordinaci\u00f3n de las personas encargadas para cada actividad.<\/span><\/p>\n<p style=\"text-align: justify;\"><span style=\"font-family: arial, helvetica, sans-serif; font-size: 14pt;\">En el caso de las actividades de otros colectivos se fijar\u00e1n previamente las condiciones y\u00a0colaboraci\u00f3n del colectivo con el sostenimiento del Centro Social y los gastos del mismo derivados\u00a0de la propia actividad, entendiendo que a mayor trabajo y gastos requieran para el Centro Social\u00a0los eventos que se propongan, mayor colaboraci\u00f3n rec\u00edproca debe haber.<\/span><\/p>\n<p style=\"text-align: justify;\"><span style=\"font-family: arial, helvetica, sans-serif; font-size: 14pt;\">Posteriormente a la actividad es necesaria la asistencia, por parte del colectivo, a la reuni\u00f3n de\u00a0coordinaci\u00f3n para la evaluaci\u00f3n de la actividad y resultado econ\u00f3mico de la misma.<\/span><\/p>\n<p style=\"text-align: justify;\"><span style=\"font-family: arial, helvetica, sans-serif; font-size: 14pt;\">Por parte del Centro Social Rey Heredia se prestar\u00e1 apoyo a las actividades propuestas siendo\u00a0imprescindible que haya personas, para dicho apoyo log\u00edstico, del colectivo que organiza la\u00a0actividad. Se recuerda que el Centro es un espacio donde el apoyo mutuo es la base del trabajo que\u00a0realizamos.<\/span><\/p>\n<hr \/>\n<p style=\"padding-left: 40px; text-align: center;\"><span style=\"color: #000000;\"><strong><span style=\"font-size: 14pt;\">Para aportaciones econ\u00f3micas lo puedes hacer en la cuenta de Arquia: <\/span><\/strong><\/span><\/p>\n<p style=\"padding-left: 40px; text-align: center;\"><span style=\"font-family: 'arial black', sans-serif;\"><strong><span style=\"font-size: 14pt; color: #ff0000;\">ES10 3183 1400 5210 0325 7027<\/span><\/strong><\/span><\/p>\n<hr \/>\n<p>&nbsp;<\/p>\n","protected":false},"excerpt":{"rendered":"<p>El funcionamiento del Centro precisa de recursos personales, materiales y econ\u00f3micos para dar cobertura, con unas condiciones m\u00ednimas, a las<\/p>\n","protected":false},"author":1,"featured_media":0,"parent":0,"menu_order":0,"comment_status":"closed","ping_status":"closed","template":"","meta":{"colormag_page_container_layout":"default_layout","colormag_page_sidebar_layout":"default_layout","footnotes":""},"class_list":["post-10","page","type-page","status-publish","hentry"],"_links":{"self":[{"href":"https:\/\/reyheredia.es\/index.php?rest_route=\/wp\/v2\/pages\/10","targetHints":{"allow":["GET"]}}],"collection":[{"href":"https:\/\/reyheredia.es\/index.php?rest_route=\/wp\/v2\/pages"}],"about":[{"href":"https:\/\/reyheredia.es\/index.php?rest_route=\/wp\/v2\/types\/page"}],"author":[{"embeddable":true,"href":"https:\/\/reyheredia.es\/index.php?rest_route=\/wp\/v2\/users\/1"}],"replies":[{"embeddable":true,"href":"https:\/\/reyheredia.es\/index.php?rest_route=%2Fwp%2Fv2%2Fcomments&post=10"}],"version-history":[{"count":0,"href":"https:\/\/reyheredia.es\/index.php?rest_route=\/wp\/v2\/pages\/10\/revisions"}],"wp:attachment":[{"href":"https:\/\/reyheredia.es\/index.php?rest_route=%2Fwp%2Fv2%2Fmedia&parent=10"}],"curies":[{"name":"wp","href":"https:\/\/api.w.org\/{rel}","templated":true}]}}